s -200220 + -112?
-201102
In base 7, what is -100 + -13?
-113
In base 12, what is -63b + 1?
-63a
In base 16, what is -3 - 1a?
-1d
In base 13, what is -3 - -a?
7
In base 5, what is -433 + 310?
-123
In base 5, what is -1 + -20013?
-20014
In base 3, what is 11000210 + -2?
11000201
In base 15, what is 4 + -116?
-112
In base 10, what is 5 - -110?
115
In base 13, what is 3 - 354?
-351
In base 9, what is -1121 - -3?
-1117
In base 5, what is -10 + 10?
0
In base 13, what is 61c - -4?
623
In base 14, what is 3 + 98?
9b
In base 15, what is 504 + -1?
503
In base 6, what is -132 - -3?
-125
In base 12, what is -3 + 2552?
254b
In base 6, what is -5 + 20150?
20141
In base 10, what is 3 + 110?
113
In base 14, what is -4 + -453?
-457
In base 13, what is 4 - -45?
49
In base 4, what is -11 + 302?
231
In base 14, what is -4 + 6a?
66
In base 2, what is 100 - 10011?
-1111
In base 6, what is 12 - -133?
145
In base 9, what is -712 - 1?
-713
In base 12, what is -35 + -63?
-98
In base 3, what is 22 - 10?
12
In base 5, what is 124 - 113?
11
In base 2, what is 100 - -1001100001100?
1001100010000
In base 4, what is -331201 - -11?
-331130
In base 15, what is -225 - -9?
-21b
In base 3, what is -12 + -1120?
-1202
In base 3, what is 21 + 1021?
1112
In base 3, what is -1021 + 101?
-220
In base 16, what is -60 - 4?
-64
In base 2, what is 111001 + -111?
110010
In base 11, what is -1 + -80?
-81
In base 16, what is -3 + 8?
5
In base 5, what is -20431 - -12?
-20414
In base 11, what is 4 - 322?
-319
In base 12, what is 1ba5 + 2?
1ba7
In base 8, what is -7173 - 0?
-7173
In base 4, what is 32 - -31?
123
In base 11, what is -4 - -32?
29
In base 9, what is 23 + -42?
-18
In base 8, what is 5 - -2?
7
In base 13, what is b8 - -2?
ba
In base 13, what is 3c - -2?
41
In base 11, what is -2 - -936?
934
In base 16, what is 5 + 56?
5b
In base 14, what is 5 + -9?
-4
In base 8, what is 413 + 75?
510
In base 6, what is 3 + 114?
121
In base 8, what is -10 + -146?
-156
In base 3, what is -1222 - -12?
-1210
In base 12, what is -3 + 7?
4
In base 3, what is -1 + 10000?
2222
In base 2, what is -1101000 - 1?
-1101001
In base 9, what is 52 + -7?
44
In base 14, what is 2 + aa2?
aa4
In base 2, what is -1 + 1110100100?
1110100011
In base 11, what is 200 + -6?
1a5
In base 14, what is 4 + -10?
-a
In base 7, what is 5 + 212?
220
In base 4, what is -10 + 200?
130
In base 5, what is -32 - 0?
-32
In base 14, what is 2d2 - 5?
2cb
In base 6, what is 3 + 10205?
10212
In base 4, what is -31 + 23120?
23023
In base 3, what is -10022002 - 0?
-10022002
In base 3, what is -1010220202 + 1?
-1010220201
In base 4, what is 3 + -2?
1
In base 3, what is 1101101 + 10?
1101111
In base 4, what is -2 - 12012?
-12020
In base 5, what is -1 - 130?
-131
In base 15, what is -5 + -a1e?
-a24
In base 16, what is -2a + -4?
-2e
In base 4, what is -112 + -13?
-131
In base 11, what is -29 + -3?
-31
In base 10, what is -283 - 16?
-299
In base 8, what is -1 - -73?
72
In base 11, what is 61 - 2?
5a
In base 12, what is 27 + 4?
2b
In base 10, what is 223 - 50?
173
In base 7, what is 5 + -653?
-645
In base 11, what is 3 - 2aa?
-2a7
In base 6, what is 11 + 3404?
3415
In base 16, what is 1 + -4b?
-4a
In base 10, what is 2 - -37?
39
In base 13, what is -2 + 61?
5c
In base 10, what is 1155 - -19?
1174
In base 5, what is 113 - -31?
144
In base 9, what is -401 - 3?
-404
In base 2, what is -11101010 - 0?
-11101010
In base 11, what is 1063 - 2?
1061
In base 3, what is 121021 + -11?
121010
In base 14, what is 20 + -86?
-66
In base 16, what is 168 + -2?
166
In base 3, what is -12 + -2122102?
-2122121
In base 4, what is 133 - 20?
113
In base 13, what is -5 - 201?
-206
In base 14, what is -4 + 108?
104
In base 14, what is -5 - -2c?
27
In base 10, what is -15 + 18?
3
In base 9, what is 1 + -26?
-25
In base 8, what is -1027 - -11?
-1016
In base 14, what is -32 + -1?
-33
In base 13, what is bc + 4?
c3
In base 2, what is 100 + -1100110?
-1100010
In base 10, what is -1 + 460?
459
In base 7, what is 5 - -314?
322
In base 13, what is -5941 - 2?
-5943
In base 4, what is 32 - 103?
-11
In base 11, what is -2 - 56?
-58
In base 11, what is -87 + 16?
-71
In base 8, what is -3 - 765?
-770
In base 8, what is -72 + -74?
-166
In base 8, what is 712 + 0?
712
In base 16, what is 0 - 60?
-60
In base 7, what is 5 + -5056?
-5051
In base 11, what is -242 + 2?
-240
In base 9, what is -23 - -5?
-17
In base 6, what is -3 - 1144?
-1151
In base 7, what is -14 + -223?
-240
In base 16, what is -4 + -1063?
-1067
In base 5, what is -1 + 12310?
12304
In base 9, what is -12 - -3?
-8
In base 7, what is 1 - -515?
516
In base 9, what is 82 + 4?
86
In base 6, what is -3 - -2034?
2031
In base 10, what is -8283 - 1?
-8284
In base 3, what is 1 - -122200?
122201
In base 3, what is 11 + -20022?
-20011
In base 10, what is 2 + -16?
-14
In base 11, what is 1 - 144?
-143
In base 16, what is -1 - -13e9?
13e8
In base 16, what is -6 - 2a?
-30
In base 13, what is 3380 + 5?
3385
In base 11, what is 3 - -191?
194
In base 7, what is -260 + -20?
-310
In base 14, what is 0 - -50?
50
In base 2, what is -100 - 1011?
-1111
In base 5, what is -10 - 4321?
-4331
In base 4, what is -331301 + -1?
-331302
In base 2, what is -101 - 1011101000?
-1011101101
In base 14, what is -6 + -34?
-3a
In base 10, what is 3 + -67?
-64
In base 16, what is f + -11?
-2
In base 6, what is 401 + -5?
352
In base 12, what is -4 + 16?
12
In base 11, what is 1 - -678?
679
In base 5, what is 124212 - 10?
124202
In base 8, what is 1 - 645?
-644
In base 11, what is -14 - -2a?
16
In base 2, what is -100 - -1001001101?
1001001001
In base 10, what is -2 + -4?
-6
In base 10, what is 12 + -81?
-69
In base 8, what is 1 + 16617?
16620
In base 14, what is 3 - -36?
39
In base 7, what is -205 + -3?
-211
In base 3, what is 1 + -111111102?
-111111101
In base 7, what is -3231 - -4?
-3224
In base 9, what is -163 - -2?
-161
In base 14, what is -10 - -70?
60
In base 13, what is 18 - 3?
15
In base 10, what is -1244 + -4?
-1248
In base 5, what is 34 + 13131?
13220
In base 12, what is 5 + -5?
0
In base 13, what is 1 - 66?
-65
In base 13, what is -3 - 3?
-6
In base 15, what is -3 - 12a?
-12d
In base 13, what is 53 + -21?
32
In base 12, what is 3a + 6?
44
In base 7, what is -421 - 4?
-425
In base 13, what is 3 + -2ba6?
-2ba3
In base 8, what is 144 - -421?
565
In base 5, what is -41422 + 2?
-41420
In base 8, what is -1 - 17323?
-17324
In base 3, what is -212 + 212?
0
In base 7, what is -5011 + 5?
-5003
In base 13, what is 116 - b?
108
In base 6, what is -124 + -103?
-231
In base 9, what is 3 - -84?
87
In base 12, what is 968 + 4?
970
In base 15, what is -3 - -43?
40
In base 14, what is -3 + -31?
-34
In base 10, what is -9 - -22?
13
In base 7, what is 20055 - 0?
20055
In base 12, what is 74 + -22?
52
In base 8, what is 5 - 302?
-275
In base 11, what is -7 + -143?
-14a
In base 4, what is 1302 + -10212?
-2310
In base 4, what is 1032 + -3?
1023
In base 6, what is 2 + 442?
444
In base 7, what is -566 + -2?
-601
In base 6, what is -413 - 4?
-421
In base 16, what is -4 + 2e?
2a
In base 8, what is -11 + -23?
-34
In base 15, what is 67b3 - -1?
67b4
In base 4, what is -12203 + 10?
-12133
In base 7, what is 62 - 124?
-32
In base 8, what is -2 + -327?
-331
In base 8, what is -27 - 203?
-232
In base 4, what is -12203 - 12?
-12221
In base 13, what is -9 - 124?
-130
In base 2, what is 0 - -1100000?
1100000
In base 2, what is -100 - 111100?
-1000000
In base 15, what is -4 + 173?
16e
In base 2, what is 10 - -10000010?
10000100
In base 10, what is -12 - -4?
-8
In base 16, what is 1 - -2?
3
In base 2, what is -1101 + 100000100?
11110111
In base 10, what is -2 - -416?
414
In base 11, what is -4 + 873?
86a
In base 11, what is -24 + -14?
-38
In base 5, what is -3 - -3?
0
In base 2, what is 1011000101 - 1?
1011000100
In base 2, what is -1000 - 0?
-1000
In base 7, what is -10541 - -4?
-10534
In base 3, what is -12 + 1110210?
1110121
In base 13, what is 931 - 4?
92a
In base 2, what is -100 - -1001001000?
1001000100
In base 8, what is 41 - 174?
-133
In base 4, what is 202 + -20?
122
In base 8, what is 3 + 304?
307
In base 9, what is 5 + -410?
-404
In base 11, what is -2a90 + -2?
-2a92
In base 5, what is -30123 + -1?
-30124
In base 15, what is -131 - -4?
-12c
In base 6, what is 10 - -15550?
20000
